{"id":374,"date":"2025-11-17T10:44:41","date_gmt":"2025-11-17T08:44:41","guid":{"rendered":"https:\/\/testi.purolankartano.fi\/testi\/?page_id=374"},"modified":"2026-03-08T10:12:40","modified_gmt":"2026-03-08T08:12:40","slug":"nurmikkosiemenet","status":"publish","type":"page","link":"https:\/\/testi.purolankartano.fi\/testi\/nurmikkosiemenet\/","title":{"rendered":"Nurmikkosiemenet"},"content":{"rendered":"\t\t<div data-elementor-type=\"wp-page\" data-elementor-id=\"374\" class=\"elementor elementor-374\" data-elementor-post-type=\"page\">\n\t\t\t\t<div class=\"elementor-element elementor-element-796273a3 e-flex e-con-boxed e-con e-parent\" data-id=\"796273a3\" data-element_type=\"container\" data-e-type=\"container\">\n\t\t\t\t\t<div class=\"e-con-inner\">\n\t\t\t\t<div class=\"elementor-element elementor-element-28295d7 elementor-widget elementor-widget-spacer\" data-id=\"28295d7\" data-element_type=\"widget\" data-e-type=\"widget\" data-widget_type=\"spacer.default\">\n\t\t\t\t\t\t\t<div class=\"elementor-spacer\">\n\t\t\t<div class=\"elementor-spacer-inner\"><\/div>\n\t\t<\/div>\n\t\t\t\t\t\t<\/div>\n\t\t\t\t<div class=\"elementor-element elementor-element-68d99586 elementor-widget elementor-widget-heading\" data-id=\"68d99586\" data-element_type=\"widget\" data-e-type=\"widget\" data-widget_type=\"heading.default\">\n\t\t\t\t\t<h2 class=\"elementor-heading-title elementor-size-default\">nurmikkosiemenet<\/h2>\t\t\t\t<\/div>\n\t\t\t\t<div class=\"elementor-element elementor-element-956b175 elementor-widget elementor-widget-spacer\" data-id=\"956b175\" data-element_type=\"widget\" data-e-type=\"widget\" data-widget_type=\"spacer.default\">\n\t\t\t\t\t\t\t<div class=\"elementor-spacer\">\n\t\t\t<div class=\"elementor-spacer-inner\"><\/div>\n\t\t<\/div>\n\t\t\t\t\t\t<\/div>\n\t\t\t\t\t<\/div>\n\t\t\t\t<\/div>\n\t\t<div class=\"elementor-element elementor-element-66bdf70a e-flex e-con-boxed e-con e-parent\" data-id=\"66bdf70a\" data-element_type=\"container\" data-e-type=\"container\">\n\t\t\t\t\t<div class=\"e-con-inner\">\n\t\t<div class=\"elementor-element elementor-element-67eabef7 e-con-full e-flex e-con e-child\" data-id=\"67eabef7\" data-element_type=\"container\" data-e-type=\"container\">\n\t\t\t\t<div class=\"elementor-element elementor-element-4deea2d1 elementor-widget elementor-widget-image\" data-id=\"4deea2d1\" data-element_type=\"widget\" data-e-type=\"widget\" data-widget_type=\"image.default\">\n\t\t\t\t\t\t\t\t\t\t\t\t\t\t\t<img fetchpriority=\"high\" decoding=\"async\" width=\"768\" height=\"1024\" src=\"https:\/\/testi.purolankartano.fi\/testi\/wp-content\/uploads\/2026\/03\/IMG_8097-768x1024.jpeg\" class=\"attachment-large size-large wp-image-975\" alt=\"\" srcset=\"https:\/\/testi.purolankartano.fi\/testi\/wp-content\/uploads\/2026\/03\/IMG_8097-768x1024.jpeg 768w, https:\/\/testi.purolankartano.fi\/testi\/wp-content\/uploads\/2026\/03\/IMG_8097-225x300.jpeg 225w, https:\/\/testi.purolankartano.fi\/testi\/wp-content\/uploads\/2026\/03\/IMG_8097-1152x1536.jpeg 1152w, https:\/\/testi.purolankartano.fi\/testi\/wp-content\/uploads\/2026\/03\/IMG_8097-rotated.jpeg 1512w\" sizes=\"(max-width: 768px) 100vw, 768px\" \/>\t\t\t\t\t\t\t\t\t\t\t\t\t\t\t<\/div>\n\t\t\t\t<\/div>\n\t\t<div class=\"elementor-element elementor-element-55f4964 e-con-full e-flex e-con e-child\" data-id=\"55f4964\" data-element_type=\"container\" data-e-type=\"container\">\n\t\t\t\t<div class=\"elementor-element elementor-element-7967e97d elementor-widget elementor-widget-text-editor\" data-id=\"7967e97d\" data-element_type=\"widget\" data-e-type=\"widget\" data-widget_type=\"text-editor.default\">\n\t\t\t\t\t\t\t\t\t<p>\u00a0<\/p><p><strong>VIHERRAKENTAJAN <\/strong><strong>NURMIKKOSEOS<\/strong>, kaikkeen viherrakentamiseen ja kotipihoille<\/p><p>Punanata 65%, Niittynurmikka 25%, Englanninraihein\u00e4 10%<\/p>\t\t\t\t\t\t\t\t<\/div>\n\t\t\t\t<\/div>\n\t\t\t\t\t<\/div>\n\t\t\t\t<\/div>\n\t\t<div class=\"elementor-element elementor-element-7620abc5 e-flex e-con-boxed e-con e-parent\" data-id=\"7620abc5\" data-element_type=\"container\" data-e-type=\"container\">\n\t\t\t\t\t<div class=\"e-con-inner\">\n\t\t<div class=\"elementor-element elementor-element-1691edaf e-con-full e-flex e-con e-child\" data-id=\"1691edaf\" data-element_type=\"container\" data-e-type=\"container\">\n\t\t\t\t<div class=\"elementor-element elementor-element-21274883 elementor-widget elementor-widget-text-editor\" data-id=\"21274883\" data-element_type=\"widget\" data-e-type=\"widget\" data-widget_type=\"text-editor.default\">\n\t\t\t\t\t\t\t\t\t<p>\u00a0<\/p><p><strong>VIHERNURMIKKO<\/strong>, Valkoapilaa sis\u00e4lt\u00e4v\u00e4 t\u00e4ytel\u00e4inen ja kest\u00e4v\u00e4 nurmikkosiemenseos kotiin,\u00a0 yleisille alueille ja pelialustaksi<\/p><p>Punanata 60%, Niittynurmikka 30%, Englanninraihein\u00e4 7%, Valkoapila 3%<\/p>\t\t\t\t\t\t\t\t<\/div>\n\t\t\t\t<\/div>\n\t\t<div class=\"elementor-element elementor-element-4473855f e-con-full e-flex e-con e-child\" data-id=\"4473855f\" data-element_type=\"container\" data-e-type=\"container\">\n\t\t\t\t<div class=\"elementor-element elementor-element-409f7058 elementor-widget elementor-widget-image\" data-id=\"409f7058\" data-element_type=\"widget\" data-e-type=\"widget\" data-widget_type=\"image.default\">\n\t\t\t\t\t\t\t\t\t\t\t\t\t\t\t<img decoding=\"async\" width=\"800\" height=\"533\" src=\"https:\/\/testi.purolankartano.fi\/testi\/wp-content\/uploads\/2026\/03\/Nurmikko-1024x682.jpg\" class=\"attachment-large size-large wp-image-1265\" alt=\"\" srcset=\"https:\/\/testi.purolankartano.fi\/testi\/wp-content\/uploads\/2026\/03\/Nurmikko-1024x682.jpg 1024w, https:\/\/testi.purolankartano.fi\/testi\/wp-content\/uploads\/2026\/03\/Nurmikko-300x200.jpg 300w, https:\/\/testi.purolankartano.fi\/testi\/wp-content\/uploads\/2026\/03\/Nurmikko-768x512.jpg 768w, https:\/\/testi.purolankartano.fi\/testi\/wp-content\/uploads\/2026\/03\/Nurmikko.jpg 1280w\" sizes=\"(max-width: 800px) 100vw, 800px\" \/>\t\t\t\t\t\t\t\t\t\t\t\t\t\t\t<\/div>\n\t\t\t\t<\/div>\n\t\t\t\t\t<\/div>\n\t\t\t\t<\/div>\n\t\t<div class=\"elementor-element elementor-element-8422c64 e-flex e-con-boxed e-con e-parent\" data-id=\"8422c64\" data-element_type=\"container\" data-e-type=\"container\">\n\t\t\t\t\t<div class=\"e-con-inner\">\n\t\t\t\t<div class=\"elementor-element elementor-element-604e37e elementor-widget elementor-widget-spacer\" data-id=\"604e37e\" data-element_type=\"widget\" data-e-type=\"widget\" data-widget_type=\"spacer.default\">\n\t\t\t\t\t\t\t<div class=\"elementor-spacer\">\n\t\t\t<div class=\"elementor-spacer-inner\"><\/div>\n\t\t<\/div>\n\t\t\t\t\t\t<\/div>\n\t\t\t\t\t<\/div>\n\t\t\t\t<\/div>\n\t\t<div class=\"elementor-element elementor-element-f0573bb e-flex e-con-boxed e-con e-parent\" data-id=\"f0573bb\" data-element_type=\"container\" data-e-type=\"container\">\n\t\t\t\t\t<div class=\"e-con-inner\">\n\t\t\t\t<div class=\"elementor-element elementor-element-915a9e4 elementor-cta--skin-classic elementor-animated-content elementor-bg-transform elementor-bg-transform-zoom-in elementor-widget elementor-widget-call-to-action\" data-id=\"915a9e4\" data-element_type=\"widget\" data-e-type=\"widget\" data-widget_type=\"call-to-action.default\">\n\t\t\t\t\t\t\t<div class=\"elementor-cta\">\n\t\t\t\t\t\t\t<div class=\"elementor-cta__content\">\n\t\t\t\t\n\t\t\t\t\n\t\t\t\t\n\t\t\t\t\t\t\t\t\t<div class=\"elementor-cta__button-wrapper elementor-cta__content-item elementor-content-item \">\n\t\t\t\t\t<a class=\"elementor-cta__button elementor-button elementor-size-\" href=\"https:\/\/testi.purolankartano.fi\/testi\/otayhteytta\/\">\n\t\t\t\t\t\tota yhteytt\u00e4 -&gt;\t\t\t\t\t<\/a>\n\t\t\t\t\t<\/div>\n\t\t\t\t\t\t\t<\/div>\n\t\t\t\t\t\t<\/div>\n\t\t\t\t\t\t<\/div>\n\t\t\t\t\t<\/div>\n\t\t\t\t<\/div>\n\t\t<div class=\"elementor-element elementor-element-ca5d5e0 e-flex e-con-boxed e-con e-parent\" data-id=\"ca5d5e0\" data-element_type=\"container\" data-e-type=\"container\">\n\t\t\t\t\t<div class=\"e-con-inner\">\n\t\t\t\t<div class=\"elementor-element elementor-element-0eadf21 elementor-widget-divider--view-line elementor-widget elementor-widget-divider\" data-id=\"0eadf21\" data-element_type=\"widget\" data-e-type=\"widget\" data-widget_type=\"divider.default\">\n\t\t\t\t\t\t\t<div class=\"elementor-divider\">\n\t\t\t<span class=\"elementor-divider-separator\">\n\t\t\t\t\t\t<\/span>\n\t\t<\/div>\n\t\t\t\t\t\t<\/div>\n\t\t\t\t<div class=\"elementor-element elementor-element-4850ee0 elementor-widget elementor-widget-spacer\" data-id=\"4850ee0\" data-element_type=\"widget\" data-e-type=\"widget\" data-widget_type=\"spacer.default\">\n\t\t\t\t\t\t\t<div class=\"elementor-spacer\">\n\t\t\t<div class=\"elementor-spacer-inner\"><\/div>\n\t\t<\/div>\n\t\t\t\t\t\t<\/div>\n\t\t\t\t<div class=\"elementor-element elementor-element-947bb03 elementor-cta--skin-classic elementor-animated-content elementor-bg-transform elementor-bg-transform-zoom-in elementor-widget elementor-widget-call-to-action\" data-id=\"947bb03\" data-element_type=\"widget\" data-e-type=\"widget\" data-widget_type=\"call-to-action.default\">\n\t\t\t\t\t\t\t<div class=\"elementor-cta\">\n\t\t\t\t\t\t\t<div class=\"elementor-cta__content\">\n\t\t\t\t\n\t\t\t\t\n\t\t\t\t\n\t\t\t\t\t\t\t\t\t<div class=\"elementor-cta__button-wrapper elementor-cta__content-item elementor-content-item \">\n\t\t\t\t\t<a class=\"elementor-cta__button elementor-button elementor-size-\" href=\"https:\/\/testi.purolankartano.fi\/testi\/siemenseokset\/\">\n\t\t\t\t\t\tSIEMENSEOKSET SIVULLE &gt;\t\t\t\t\t<\/a>\n\t\t\t\t\t<\/div>\n\t\t\t\t\t\t\t<\/div>\n\t\t\t\t\t\t<\/div>\n\t\t\t\t\t\t<\/div>\n\t\t\t\t\t<\/div>\n\t\t\t\t<\/div>\n\t\t<div class=\"elementor-element elementor-element-ca3734c e-flex e-con-boxed e-con e-parent\" data-id=\"ca3734c\" data-element_type=\"container\" data-e-type=\"container\">\n\t\t\t\t\t<div class=\"e-con-inner\">\n\t\t\t\t<div class=\"elementor-element elementor-element-55670ea elementor-widget elementor-widget-spacer\" data-id=\"55670ea\" data-element_type=\"widget\" data-e-type=\"widget\" data-widget_type=\"spacer.default\">\n\t\t\t\t\t\t\t<div class=\"elementor-spacer\">\n\t\t\t<div class=\"elementor-spacer-inner\"><\/div>\n\t\t<\/div>\n\t\t\t\t\t\t<\/div>\n\t\t\t\t\t<\/div>\n\t\t\t\t<\/div>\n\t\t\t\t<\/div>\n\t\t","protected":false},"excerpt":{"rendered":"<p>nurmikkosiemenet \u00a0 VIHERRAKENTAJAN NURMIKKOSEOS, kaikkeen viherrakentamiseen ja kotipihoille Punanata 65%, Niittynurmikka 25%, Englanninraihein\u00e4 10% \u00a0 VIHERNURMIKKO, Valkoapilaa sis\u00e4lt\u00e4v\u00e4 t\u00e4ytel\u00e4inen ja kest\u00e4v\u00e4 nurmikkosiemenseos kotiin,\u00a0 yleisille alueille ja pelialustaksi Punanata 60%, Niittynurmikka 30%, Englanninraihein\u00e4 7%, Valkoapila 3% ota yhteytt\u00e4 -&gt; SIEMENSEOKSET SIVULLE &gt;<\/p>\n","protected":false},"author":1,"featured_media":0,"parent":0,"menu_order":0,"comment_status":"closed","ping_status":"closed","template":"elementor_header_footer","meta":{"footnotes":""},"class_list":["post-374","page","type-page","status-publish","hentry"],"yoast_head":"<!-- This site is optimized with the Yoast SEO plugin v27.4 - https:\/\/yoast.com\/product\/yoast-seo-wordpress\/ -->\n<title>Nurmikkosiemenet kotipihalle ja viherrakentajille | Purolan kartano<\/title>\n<meta name=\"description\" content=\"Nurmikkoseokset kotipihalle ja ammattilaisille. Viherrakentajan seos ja Vihernurmikko vaikka pelialustaksi. Kest\u00e4v\u00e4t ja t\u00e4ytel\u00e4iset.\" \/>\n<meta name=\"robots\" content=\"index, follow, max-snippet:-1, max-image-preview:large, max-video-preview:-1\" \/>\n<link rel=\"canonical\" href=\"https:\/\/testi.purolankartano.fi\/testi\/nurmikkosiemenet\/\" \/>\n<meta property=\"og:locale\" content=\"fi_FI\" \/>\n<meta property=\"og:type\" content=\"article\" \/>\n<meta property=\"og:title\" content=\"Nurmikkosiemenet kotipihalle ja viherrakentajille | Purolan kartano\" \/>\n<meta property=\"og:description\" content=\"Nurmikkoseokset kotipihalle ja ammattilaisille. Viherrakentajan seos ja Vihernurmikko vaikka pelialustaksi. Kest\u00e4v\u00e4t ja t\u00e4ytel\u00e4iset.\" \/>\n<meta property=\"og:url\" content=\"https:\/\/testi.purolankartano.fi\/testi\/nurmikkosiemenet\/\" \/>\n<meta property=\"og:site_name\" content=\"Purolan kartano Oy\" \/>\n<meta property=\"article:modified_time\" content=\"2026-03-08T08:12:40+00:00\" \/>\n<meta property=\"og:image\" content=\"https:\/\/testi.purolankartano.fi\/testi\/wp-content\/uploads\/2026\/03\/IMG_8097-rotated.jpeg\" \/>\n\t<meta property=\"og:image:width\" content=\"1512\" \/>\n\t<meta property=\"og:image:height\" content=\"2016\" \/>\n\t<meta property=\"og:image:type\" content=\"image\/jpeg\" \/>\n<meta name=\"twitter:card\" content=\"summary_large_image\" \/>\n<meta name=\"twitter:label1\" content=\"Arvioitu lukuaika\" \/>\n\t<meta name=\"twitter:data1\" content=\"1 minuutti\" \/>\n<script type=\"application\/ld+json\" class=\"yoast-schema-graph\">{\"@context\":\"https:\\\/\\\/schema.org\",\"@graph\":[{\"@type\":\"WebPage\",\"@id\":\"https:\\\/\\\/testi.purolankartano.fi\\\/testi\\\/nurmikkosiemenet\\\/\",\"url\":\"https:\\\/\\\/testi.purolankartano.fi\\\/testi\\\/nurmikkosiemenet\\\/\",\"name\":\"Nurmikkosiemenet kotipihalle ja viherrakentajille | Purolan kartano\",\"isPartOf\":{\"@id\":\"https:\\\/\\\/testi.purolankartano.fi\\\/testi\\\/#website\"},\"primaryImageOfPage\":{\"@id\":\"https:\\\/\\\/testi.purolankartano.fi\\\/testi\\\/nurmikkosiemenet\\\/#primaryimage\"},\"image\":{\"@id\":\"https:\\\/\\\/testi.purolankartano.fi\\\/testi\\\/nurmikkosiemenet\\\/#primaryimage\"},\"thumbnailUrl\":\"https:\\\/\\\/testi.purolankartano.fi\\\/testi\\\/wp-content\\\/uploads\\\/2026\\\/03\\\/IMG_8097-768x1024.jpeg\",\"datePublished\":\"2025-11-17T08:44:41+00:00\",\"dateModified\":\"2026-03-08T08:12:40+00:00\",\"description\":\"Nurmikkoseokset kotipihalle ja ammattilaisille. Viherrakentajan seos ja Vihernurmikko vaikka pelialustaksi. Kest\u00e4v\u00e4t ja t\u00e4ytel\u00e4iset.\",\"breadcrumb\":{\"@id\":\"https:\\\/\\\/testi.purolankartano.fi\\\/testi\\\/nurmikkosiemenet\\\/#breadcrumb\"},\"inLanguage\":\"fi\",\"potentialAction\":[{\"@type\":\"ReadAction\",\"target\":[\"https:\\\/\\\/testi.purolankartano.fi\\\/testi\\\/nurmikkosiemenet\\\/\"]}]},{\"@type\":\"ImageObject\",\"inLanguage\":\"fi\",\"@id\":\"https:\\\/\\\/testi.purolankartano.fi\\\/testi\\\/nurmikkosiemenet\\\/#primaryimage\",\"url\":\"https:\\\/\\\/testi.purolankartano.fi\\\/testi\\\/wp-content\\\/uploads\\\/2026\\\/03\\\/IMG_8097-rotated.jpeg\",\"contentUrl\":\"https:\\\/\\\/testi.purolankartano.fi\\\/testi\\\/wp-content\\\/uploads\\\/2026\\\/03\\\/IMG_8097-rotated.jpeg\",\"width\":1512,\"height\":2016},{\"@type\":\"BreadcrumbList\",\"@id\":\"https:\\\/\\\/testi.purolankartano.fi\\\/testi\\\/nurmikkosiemenet\\\/#breadcrumb\",\"itemListElement\":[{\"@type\":\"ListItem\",\"position\":1,\"name\":\"Etusivu\",\"item\":\"https:\\\/\\\/testi.purolankartano.fi\\\/testi\\\/\"},{\"@type\":\"ListItem\",\"position\":2,\"name\":\"Nurmikkosiemenet\"}]},{\"@type\":\"WebSite\",\"@id\":\"https:\\\/\\\/testi.purolankartano.fi\\\/testi\\\/#website\",\"url\":\"https:\\\/\\\/testi.purolankartano.fi\\\/testi\\\/\",\"name\":\"Purolan kartano Oy\",\"description\":\"Sertifioitujen siementen kauppa\",\"publisher\":{\"@id\":\"https:\\\/\\\/testi.purolankartano.fi\\\/testi\\\/#organization\"},\"potentialAction\":[{\"@type\":\"SearchAction\",\"target\":{\"@type\":\"EntryPoint\",\"urlTemplate\":\"https:\\\/\\\/testi.purolankartano.fi\\\/testi\\\/?s={search_term_string}\"},\"query-input\":{\"@type\":\"PropertyValueSpecification\",\"valueRequired\":true,\"valueName\":\"search_term_string\"}}],\"inLanguage\":\"fi\"},{\"@type\":\"Organization\",\"@id\":\"https:\\\/\\\/testi.purolankartano.fi\\\/testi\\\/#organization\",\"name\":\"Purolan kartano Oy\",\"url\":\"https:\\\/\\\/testi.purolankartano.fi\\\/testi\\\/\",\"logo\":{\"@type\":\"ImageObject\",\"inLanguage\":\"fi\",\"@id\":\"https:\\\/\\\/testi.purolankartano.fi\\\/testi\\\/#\\\/schema\\\/logo\\\/image\\\/\",\"url\":\"https:\\\/\\\/testi.purolankartano.fi\\\/testi\\\/wp-content\\\/uploads\\\/2025\\\/11\\\/siemenkuvio_CMYK.jpg\",\"contentUrl\":\"https:\\\/\\\/testi.purolankartano.fi\\\/testi\\\/wp-content\\\/uploads\\\/2025\\\/11\\\/siemenkuvio_CMYK.jpg\",\"width\":1481,\"height\":2362,\"caption\":\"Purolan kartano Oy\"},\"image\":{\"@id\":\"https:\\\/\\\/testi.purolankartano.fi\\\/testi\\\/#\\\/schema\\\/logo\\\/image\\\/\"}}]}<\/script>\n<!-- \/ Yoast SEO plugin. -->","yoast_head_json":{"title":"Nurmikkosiemenet kotipihalle ja viherrakentajille | Purolan kartano","description":"Nurmikkoseokset kotipihalle ja ammattilaisille. Viherrakentajan seos ja Vihernurmikko vaikka pelialustaksi. Kest\u00e4v\u00e4t ja t\u00e4ytel\u00e4iset.","robots":{"index":"index","follow":"follow","max-snippet":"max-snippet:-1","max-image-preview":"max-image-preview:large","max-video-preview":"max-video-preview:-1"},"canonical":"https:\/\/testi.purolankartano.fi\/testi\/nurmikkosiemenet\/","og_locale":"fi_FI","og_type":"article","og_title":"Nurmikkosiemenet kotipihalle ja viherrakentajille | Purolan kartano","og_description":"Nurmikkoseokset kotipihalle ja ammattilaisille. Viherrakentajan seos ja Vihernurmikko vaikka pelialustaksi. Kest\u00e4v\u00e4t ja t\u00e4ytel\u00e4iset.","og_url":"https:\/\/testi.purolankartano.fi\/testi\/nurmikkosiemenet\/","og_site_name":"Purolan kartano Oy","article_modified_time":"2026-03-08T08:12:40+00:00","og_image":[{"width":1512,"height":2016,"url":"https:\/\/testi.purolankartano.fi\/testi\/wp-content\/uploads\/2026\/03\/IMG_8097-rotated.jpeg","type":"image\/jpeg"}],"twitter_card":"summary_large_image","twitter_misc":{"Arvioitu lukuaika":"1 minuutti"},"schema":{"@context":"https:\/\/schema.org","@graph":[{"@type":"WebPage","@id":"https:\/\/testi.purolankartano.fi\/testi\/nurmikkosiemenet\/","url":"https:\/\/testi.purolankartano.fi\/testi\/nurmikkosiemenet\/","name":"Nurmikkosiemenet kotipihalle ja viherrakentajille | Purolan kartano","isPartOf":{"@id":"https:\/\/testi.purolankartano.fi\/testi\/#website"},"primaryImageOfPage":{"@id":"https:\/\/testi.purolankartano.fi\/testi\/nurmikkosiemenet\/#primaryimage"},"image":{"@id":"https:\/\/testi.purolankartano.fi\/testi\/nurmikkosiemenet\/#primaryimage"},"thumbnailUrl":"https:\/\/testi.purolankartano.fi\/testi\/wp-content\/uploads\/2026\/03\/IMG_8097-768x1024.jpeg","datePublished":"2025-11-17T08:44:41+00:00","dateModified":"2026-03-08T08:12:40+00:00","description":"Nurmikkoseokset kotipihalle ja ammattilaisille. Viherrakentajan seos ja Vihernurmikko vaikka pelialustaksi. Kest\u00e4v\u00e4t ja t\u00e4ytel\u00e4iset.","breadcrumb":{"@id":"https:\/\/testi.purolankartano.fi\/testi\/nurmikkosiemenet\/#breadcrumb"},"inLanguage":"fi","potentialAction":[{"@type":"ReadAction","target":["https:\/\/testi.purolankartano.fi\/testi\/nurmikkosiemenet\/"]}]},{"@type":"ImageObject","inLanguage":"fi","@id":"https:\/\/testi.purolankartano.fi\/testi\/nurmikkosiemenet\/#primaryimage","url":"https:\/\/testi.purolankartano.fi\/testi\/wp-content\/uploads\/2026\/03\/IMG_8097-rotated.jpeg","contentUrl":"https:\/\/testi.purolankartano.fi\/testi\/wp-content\/uploads\/2026\/03\/IMG_8097-rotated.jpeg","width":1512,"height":2016},{"@type":"BreadcrumbList","@id":"https:\/\/testi.purolankartano.fi\/testi\/nurmikkosiemenet\/#breadcrumb","itemListElement":[{"@type":"ListItem","position":1,"name":"Etusivu","item":"https:\/\/testi.purolankartano.fi\/testi\/"},{"@type":"ListItem","position":2,"name":"Nurmikkosiemenet"}]},{"@type":"WebSite","@id":"https:\/\/testi.purolankartano.fi\/testi\/#website","url":"https:\/\/testi.purolankartano.fi\/testi\/","name":"Purolan kartano Oy","description":"Sertifioitujen siementen kauppa","publisher":{"@id":"https:\/\/testi.purolankartano.fi\/testi\/#organization"},"potentialAction":[{"@type":"SearchAction","target":{"@type":"EntryPoint","urlTemplate":"https:\/\/testi.purolankartano.fi\/testi\/?s={search_term_string}"},"query-input":{"@type":"PropertyValueSpecification","valueRequired":true,"valueName":"search_term_string"}}],"inLanguage":"fi"},{"@type":"Organization","@id":"https:\/\/testi.purolankartano.fi\/testi\/#organization","name":"Purolan kartano Oy","url":"https:\/\/testi.purolankartano.fi\/testi\/","logo":{"@type":"ImageObject","inLanguage":"fi","@id":"https:\/\/testi.purolankartano.fi\/testi\/#\/schema\/logo\/image\/","url":"https:\/\/testi.purolankartano.fi\/testi\/wp-content\/uploads\/2025\/11\/siemenkuvio_CMYK.jpg","contentUrl":"https:\/\/testi.purolankartano.fi\/testi\/wp-content\/uploads\/2025\/11\/siemenkuvio_CMYK.jpg","width":1481,"height":2362,"caption":"Purolan kartano Oy"},"image":{"@id":"https:\/\/testi.purolankartano.fi\/testi\/#\/schema\/logo\/image\/"}}]}},"_links":{"self":[{"href":"https:\/\/testi.purolankartano.fi\/testi\/wp-json\/wp\/v2\/pages\/374","targetHints":{"allow":["GET"]}}],"collection":[{"href":"https:\/\/testi.purolankartano.fi\/testi\/wp-json\/wp\/v2\/pages"}],"about":[{"href":"https:\/\/testi.purolankartano.fi\/testi\/wp-json\/wp\/v2\/types\/page"}],"author":[{"embeddable":true,"href":"https:\/\/testi.purolankartano.fi\/testi\/wp-json\/wp\/v2\/users\/1"}],"replies":[{"embeddable":true,"href":"https:\/\/testi.purolankartano.fi\/testi\/wp-json\/wp\/v2\/comments?post=374"}],"version-history":[{"count":35,"href":"https:\/\/testi.purolankartano.fi\/testi\/wp-json\/wp\/v2\/pages\/374\/revisions"}],"predecessor-version":[{"id":1271,"href":"https:\/\/testi.purolankartano.fi\/testi\/wp-json\/wp\/v2\/pages\/374\/revisions\/1271"}],"wp:attachment":[{"href":"https:\/\/testi.purolankartano.fi\/testi\/wp-json\/wp\/v2\/media?parent=374"}],"curies":[{"name":"wp","href":"https:\/\/api.w.org\/{rel}","templated":true}]}}