{"id":303,"date":"2025-11-17T09:12:02","date_gmt":"2025-11-17T07:12:02","guid":{"rendered":"https:\/\/testi.purolankartano.fi\/testi\/events-2\/"},"modified":"2026-03-07T09:19:12","modified_gmt":"2026-03-07T07:19:12","slug":"lannoitteet","status":"publish","type":"page","link":"https:\/\/testi.purolankartano.fi\/testi\/lannoitteet\/","title":{"rendered":"Lannoitteet"},"content":{"rendered":"\t\t<div data-elementor-type=\"wp-page\" data-elementor-id=\"303\" class=\"elementor elementor-303\" data-elementor-post-type=\"page\">\n\t\t\t\t<div class=\"elementor-element elementor-element-2c0cf867 e-flex e-con-boxed e-con e-parent\" data-id=\"2c0cf867\" data-element_type=\"container\" data-e-type=\"container\" data-settings=\"{&quot;background_background&quot;:&quot;classic&quot;,&quot;background_motion_fx_motion_fx_scrolling&quot;:&quot;yes&quot;,&quot;background_motion_fx_translateY_effect&quot;:&quot;yes&quot;,&quot;background_motion_fx_translateY_direction&quot;:&quot;negative&quot;,&quot;background_motion_fx_translateY_speed&quot;:{&quot;unit&quot;:&quot;px&quot;,&quot;size&quot;:&quot;1&quot;,&quot;sizes&quot;:[]},&quot;background_motion_fx_translateY_affectedRange&quot;:{&quot;unit&quot;:&quot;%&quot;,&quot;size&quot;:&quot;&quot;,&quot;sizes&quot;:{&quot;start&quot;:0,&quot;end&quot;:100}},&quot;background_motion_fx_devices&quot;:[&quot;desktop&quot;,&quot;tablet&quot;,&quot;mobile&quot;]}\">\n\t\t\t\t\t<div class=\"e-con-inner\">\n\t\t\t\t<div class=\"elementor-element elementor-element-4f8c7afa elementor-widget elementor-widget-heading\" data-id=\"4f8c7afa\" data-element_type=\"widget\" data-e-type=\"widget\" data-widget_type=\"heading.default\">\n\t\t\t\t\t<h1 class=\"elementor-heading-title elementor-size-default\">CEMAGRO Lannoitteet<\/h1>\t\t\t\t<\/div>\n\t\t\t\t<div class=\"elementor-element elementor-element-5d9b1999 elementor-widget elementor-widget-text-editor\" data-id=\"5d9b1999\" data-element_type=\"widget\" data-e-type=\"widget\" data-widget_type=\"text-editor.default\">\n\t\t\t\t\t\t\t\t\t<p>\u00a0<\/p><p>.<\/p>\t\t\t\t\t\t\t\t<\/div>\n\t\t\t\t\t<\/div>\n\t\t\t\t<\/div>\n\t\t<div class=\"elementor-element elementor-element-4b31fb3 e-flex e-con-boxed e-con e-parent\" data-id=\"4b31fb3\" data-element_type=\"container\" data-e-type=\"container\">\n\t\t\t\t\t<div class=\"e-con-inner\">\n\t\t\t\t<div class=\"elementor-element elementor-element-51d4ea1 elementor-widget elementor-widget-text-editor\" data-id=\"51d4ea1\" data-element_type=\"widget\" data-e-type=\"widget\" data-widget_type=\"text-editor.default\">\n\t\t\t\t\t\t\t\t\t<p>\u00a0<\/p><p><strong>\u00a0<\/strong><\/p><p>Toimitamme Cemagro-lannoitteita viljelij\u00f6ille edulliseen hintaan.\u00a0<\/p><p>Valikoimastamme l\u00f6yd\u00e4t monipuolisen valikoiman typpipohjaisia lannoitteita peltoviljelyyn sek\u00e4\u00a0<\/p><p>Gardenia-sarjan puutarhalannoitteita. Kysy tarjous \u2013 toimitamme lannoitteet suoraan tilallesi.<\/p>\t\t\t\t\t\t\t\t<\/div>\n\t\t\t\t\t<\/div>\n\t\t\t\t<\/div>\n\t\t<div class=\"elementor-element elementor-element-15db965 e-con-full e-flex e-con e-parent\" data-id=\"15db965\" data-element_type=\"container\" data-e-type=\"container\">\n\t\t<div class=\"elementor-element elementor-element-54a8a72d e-con-full e-flex e-con e-child\" data-id=\"54a8a72d\" data-element_type=\"container\" data-e-type=\"container\">\n\t\t\t\t<div class=\"elementor-element elementor-element-446911f0 elementor-widget elementor-widget-image\" data-id=\"446911f0\" data-element_type=\"widget\" data-e-type=\"widget\" data-widget_type=\"image.default\">\n\t\t\t\t\t\t\t\t\t\t\t\t\t\t\t<img decoding=\"async\" width=\"336\" height=\"73\" src=\"https:\/\/testi.purolankartano.fi\/testi\/wp-content\/uploads\/2026\/01\/cemagro_logo-1.png\" class=\"attachment-full size-full wp-image-555\" alt=\"\" srcset=\"https:\/\/testi.purolankartano.fi\/testi\/wp-content\/uploads\/2026\/01\/cemagro_logo-1.png 336w, https:\/\/testi.purolankartano.fi\/testi\/wp-content\/uploads\/2026\/01\/cemagro_logo-1-300x65.png 300w\" sizes=\"(max-width: 336px) 100vw, 336px\" \/>\t\t\t\t\t\t\t\t\t\t\t\t\t\t\t<\/div>\n\t\t\t\t<\/div>\n\t\t<div class=\"elementor-element elementor-element-16415c52 e-con-full e-flex e-con e-child\" data-id=\"16415c52\" data-element_type=\"container\" data-e-type=\"container\">\n\t\t\t\t<div class=\"elementor-element elementor-element-1904f731 elementor-widget elementor-widget-heading\" data-id=\"1904f731\" data-element_type=\"widget\" data-e-type=\"widget\" data-widget_type=\"heading.default\">\n\t\t\t\t\t<h2 class=\"elementor-heading-title elementor-size-default\">Tuotteet<\/h2>\t\t\t\t<\/div>\n\t\t\t\t<div class=\"elementor-element elementor-element-6ebc2627 elementor-widget elementor-widget-text-editor\" data-id=\"6ebc2627\" data-element_type=\"widget\" data-e-type=\"widget\" data-widget_type=\"text-editor.default\">\n\t\t\t\t\t\t\t\t\t<table width=\"520\">\n<tbody>\n<tr>\n<td>\n<p>Agro 20-2-11+S 600kg<\/p>\n<\/td>\n<\/tr>\n<tr>\n<td>\n<p>Agro 21-0-10+S 600kg<\/p>\n<\/td>\n<\/tr>\n<tr>\n<td>\n<p>Agro 21-3-8+S 600kg<\/p>\n<\/td>\n<\/tr>\n<tr>\n<td>\n<p>Agro 22-2-7+S 600kg<\/p>\n<\/td>\n<\/tr>\n<tr>\n<td>\n<p>Agro 23-0-6+S 600kg<\/p>\n<\/td>\n<\/tr>\n<tr>\n<td>\n<p>Agro 24-2-4+S 600kg<\/p>\n<\/td>\n<\/tr>\n<tr>\n<td>\n<p>Agro 26-4.5-4.5+S 600kg<\/p>\n<\/td>\n<\/tr>\n<tr>\n<td>\n<p>Agro 27-2-4+S 600kg<\/p>\n<\/td>\n<\/tr>\n<tr>\n<td>\n<p>Agro NS 26-13 600kg<\/p>\n<\/td>\n<\/tr>\n<tr>\n<td>\n<p>Agro NS 27-5 600kg<\/p>\n<\/td>\n<\/tr>\n<tr>\n<td>\n<p>Agro NS 38-8 500kg<\/p>\n<\/td>\n<\/tr>\n<tr>\n<td>\n<p>Agro Starttifosfori (12-23-0+Mg+S) 600kg<\/p>\n<\/td>\n<\/tr>\n<tr>\n<td>\n<p><br><\/p>\n<\/td>\n<\/tr>\n<tr>\n<td>\n<p>Gardenia 12-5-19+S 600 kg<\/p>\n<\/td>\n<\/tr>\n<tr>\n<td>\n<p>Gardenia 3-6-31+S 600 kg<\/p>\n<\/td>\n<\/tr>\n<tr>\n<td>\n<p>Gardenia 9-5-22+S 600 kg<\/p>\n<\/td>\n<\/tr>\n<tr>\n<td>\n<p><br><\/p>\n<\/td>\n<\/tr>\n<\/tbody>\n<\/table>\t\t\t\t\t\t\t\t<\/div>\n\t\t\t\t<\/div>\n\t\t\t\t<\/div>\n\t\t<div class=\"elementor-element elementor-element-11f7923 e-flex e-con-boxed e-con e-parent\" data-id=\"11f7923\" data-element_type=\"container\" data-e-type=\"container\">\n\t\t\t\t\t<div class=\"e-con-inner\">\n\t\t\t\t<div class=\"elementor-element elementor-element-a87837b elementor-widget elementor-widget-spacer\" data-id=\"a87837b\" data-element_type=\"widget\" data-e-type=\"widget\" data-widget_type=\"spacer.default\">\n\t\t\t\t\t\t\t<div class=\"elementor-spacer\">\n\t\t\t<div class=\"elementor-spacer-inner\"><\/div>\n\t\t<\/div>\n\t\t\t\t\t\t<\/div>\n\t\t\t\t<div class=\"elementor-element elementor-element-3cfa1ef elementor-align-center elementor-mobile-align-center elementor-tablet-align-center elementor-widget elementor-widget-button\" data-id=\"3cfa1ef\" data-element_type=\"widget\" data-e-type=\"widget\" data-widget_type=\"button.default\">\n\t\t\t\t\t\t\t\t\t\t<a class=\"elementor-button elementor-button-link elementor-size-sm\" href=\"https:\/\/testi.purolankartano.fi\/testi\/otayhteytta\/\">\n\t\t\t\t\t\t<span class=\"elementor-button-content-wrapper\">\n\t\t\t\t\t\t<span class=\"elementor-button-icon\">\n\t\t\t\t<svg aria-hidden=\"true\" class=\"e-font-icon-svg e-fas-angle-right\" viewBox=\"0 0 256 512\" xmlns=\"http:\/\/www.w3.org\/2000\/svg\"><path d=\"M224.3 273l-136 136c-9.4 9.4-24.6 9.4-33.9 0l-22.6-22.6c-9.4-9.4-9.4-24.6 0-33.9l96.4-96.4-96.4-96.4c-9.4-9.4-9.4-24.6 0-33.9L54.3 103c9.4-9.4 24.6-9.4 33.9 0l136 136c9.5 9.4 9.5 24.6.1 34z\"><\/path><\/svg>\t\t\t<\/span>\n\t\t\t\t\t\t\t\t\t<span class=\"elementor-button-text\">Kysy tarjous lannoitteista<\/span>\n\t\t\t\t\t<\/span>\n\t\t\t\t\t<\/a>\n\t\t\t\t\t\t\t\t<\/div>\n\t\t\t\t<div class=\"elementor-element elementor-element-2d4f5e8 elementor-widget elementor-widget-spacer\" data-id=\"2d4f5e8\" data-element_type=\"widget\" data-e-type=\"widget\" data-widget_type=\"spacer.default\">\n\t\t\t\t\t\t\t<div class=\"elementor-spacer\">\n\t\t\t<div class=\"elementor-spacer-inner\"><\/div>\n\t\t<\/div>\n\t\t\t\t\t\t<\/div>\n\t\t\t\t\t<\/div>\n\t\t\t\t<\/div>\n\t\t\t\t<\/div>\n\t\t","protected":false},"excerpt":{"rendered":"<p>CEMAGRO Lannoitteet \u00a0 . \u00a0 \u00a0 Toimitamme Cemagro-lannoitteita viljelij\u00f6ille edulliseen hintaan.\u00a0 Valikoimastamme l\u00f6yd\u00e4t monipuolisen valikoiman typpipohjaisia lannoitteita peltoviljelyyn sek\u00e4\u00a0 Gardenia-sarjan puutarhalannoitteita. Kysy tarjous \u2013 toimitamme lannoitteet suoraan tilallesi. Tuotteet Agro 20-2-11+S 600kg Agro 21-0-10+S 600kg Agro 21-3-8+S 600kg Agro 22-2-7+S 600kg Agro 23-0-6+S 600kg Agro 24-2-4+S 600kg Agro 26-4.5-4.5+S 600kg Agro 27-2-4+S 600kg Agro NS [&hellip;]<\/p>\n","protected":false},"author":1,"featured_media":0,"parent":0,"menu_order":0,"comment_status":"closed","ping_status":"closed","template":"elementor_header_footer","meta":{"footnotes":""},"class_list":["post-303","page","type-page","status-publish","hentry"],"yoast_head":"<!-- This site is optimized with the Yoast SEO plugin v27.4 - https:\/\/yoast.com\/product\/yoast-seo-wordpress\/ -->\n<title>Cemagro lannoitteet viljelij\u00f6ille | Purolan kartano<\/title>\n<meta name=\"description\" content=\"Laaja valikoima Cemagro-lannoitteita pelto- ja puutarhaviljelyyn. Toimitus suoraan tilallesi. Kysy tarjous!\" \/>\n<meta name=\"robots\" content=\"index, follow, max-snippet:-1, max-image-preview:large, max-video-preview:-1\" \/>\n<link rel=\"canonical\" href=\"https:\/\/testi.purolankartano.fi\/testi\/lannoitteet\/\" \/>\n<meta property=\"og:locale\" content=\"fi_FI\" \/>\n<meta property=\"og:type\" content=\"article\" \/>\n<meta property=\"og:title\" content=\"Cemagro lannoitteet viljelij\u00f6ille | Purolan kartano\" \/>\n<meta property=\"og:description\" content=\"Laaja valikoima Cemagro-lannoitteita pelto- ja puutarhaviljelyyn. Toimitus suoraan tilallesi. Kysy tarjous!\" \/>\n<meta property=\"og:url\" content=\"https:\/\/testi.purolankartano.fi\/testi\/lannoitteet\/\" \/>\n<meta property=\"og:site_name\" content=\"Purolan kartano Oy\" \/>\n<meta property=\"article:modified_time\" content=\"2026-03-07T07:19:12+00:00\" \/>\n<meta property=\"og:image\" content=\"https:\/\/testi.purolankartano.fi\/testi\/wp-content\/uploads\/2026\/01\/cemagro_logo-1.png\" \/>\n\t<meta property=\"og:image:width\" content=\"336\" \/>\n\t<meta property=\"og:image:height\" content=\"73\" \/>\n\t<meta property=\"og:image:type\" content=\"image\/png\" \/>\n<meta name=\"twitter:card\" content=\"summary_large_image\" \/>\n<meta name=\"twitter:label1\" content=\"Arvioitu lukuaika\" \/>\n\t<meta name=\"twitter:data1\" content=\"1 minuutti\" \/>\n<script type=\"application\/ld+json\" class=\"yoast-schema-graph\">{\"@context\":\"https:\\\/\\\/schema.org\",\"@graph\":[{\"@type\":\"WebPage\",\"@id\":\"https:\\\/\\\/testi.purolankartano.fi\\\/testi\\\/lannoitteet\\\/\",\"url\":\"https:\\\/\\\/testi.purolankartano.fi\\\/testi\\\/lannoitteet\\\/\",\"name\":\"Cemagro lannoitteet viljelij\u00f6ille | Purolan kartano\",\"isPartOf\":{\"@id\":\"https:\\\/\\\/testi.purolankartano.fi\\\/testi\\\/#website\"},\"primaryImageOfPage\":{\"@id\":\"https:\\\/\\\/testi.purolankartano.fi\\\/testi\\\/lannoitteet\\\/#primaryimage\"},\"image\":{\"@id\":\"https:\\\/\\\/testi.purolankartano.fi\\\/testi\\\/lannoitteet\\\/#primaryimage\"},\"thumbnailUrl\":\"https:\\\/\\\/testi.purolankartano.fi\\\/testi\\\/wp-content\\\/uploads\\\/2026\\\/01\\\/cemagro_logo-1.png\",\"datePublished\":\"2025-11-17T07:12:02+00:00\",\"dateModified\":\"2026-03-07T07:19:12+00:00\",\"description\":\"Laaja valikoima Cemagro-lannoitteita pelto- ja puutarhaviljelyyn. Toimitus suoraan tilallesi. Kysy tarjous!\",\"breadcrumb\":{\"@id\":\"https:\\\/\\\/testi.purolankartano.fi\\\/testi\\\/lannoitteet\\\/#breadcrumb\"},\"inLanguage\":\"fi\",\"potentialAction\":[{\"@type\":\"ReadAction\",\"target\":[\"https:\\\/\\\/testi.purolankartano.fi\\\/testi\\\/lannoitteet\\\/\"]}]},{\"@type\":\"ImageObject\",\"inLanguage\":\"fi\",\"@id\":\"https:\\\/\\\/testi.purolankartano.fi\\\/testi\\\/lannoitteet\\\/#primaryimage\",\"url\":\"https:\\\/\\\/testi.purolankartano.fi\\\/testi\\\/wp-content\\\/uploads\\\/2026\\\/01\\\/cemagro_logo-1.png\",\"contentUrl\":\"https:\\\/\\\/testi.purolankartano.fi\\\/testi\\\/wp-content\\\/uploads\\\/2026\\\/01\\\/cemagro_logo-1.png\",\"width\":336,\"height\":73},{\"@type\":\"BreadcrumbList\",\"@id\":\"https:\\\/\\\/testi.purolankartano.fi\\\/testi\\\/lannoitteet\\\/#breadcrumb\",\"itemListElement\":[{\"@type\":\"ListItem\",\"position\":1,\"name\":\"Etusivu\",\"item\":\"https:\\\/\\\/testi.purolankartano.fi\\\/testi\\\/\"},{\"@type\":\"ListItem\",\"position\":2,\"name\":\"Lannoitteet\"}]},{\"@type\":\"WebSite\",\"@id\":\"https:\\\/\\\/testi.purolankartano.fi\\\/testi\\\/#website\",\"url\":\"https:\\\/\\\/testi.purolankartano.fi\\\/testi\\\/\",\"name\":\"Purolan kartano Oy\",\"description\":\"Sertifioitujen siementen kauppa\",\"publisher\":{\"@id\":\"https:\\\/\\\/testi.purolankartano.fi\\\/testi\\\/#organization\"},\"potentialAction\":[{\"@type\":\"SearchAction\",\"target\":{\"@type\":\"EntryPoint\",\"urlTemplate\":\"https:\\\/\\\/testi.purolankartano.fi\\\/testi\\\/?s={search_term_string}\"},\"query-input\":{\"@type\":\"PropertyValueSpecification\",\"valueRequired\":true,\"valueName\":\"search_term_string\"}}],\"inLanguage\":\"fi\"},{\"@type\":\"Organization\",\"@id\":\"https:\\\/\\\/testi.purolankartano.fi\\\/testi\\\/#organization\",\"name\":\"Purolan kartano Oy\",\"url\":\"https:\\\/\\\/testi.purolankartano.fi\\\/testi\\\/\",\"logo\":{\"@type\":\"ImageObject\",\"inLanguage\":\"fi\",\"@id\":\"https:\\\/\\\/testi.purolankartano.fi\\\/testi\\\/#\\\/schema\\\/logo\\\/image\\\/\",\"url\":\"https:\\\/\\\/testi.purolankartano.fi\\\/testi\\\/wp-content\\\/uploads\\\/2025\\\/11\\\/siemenkuvio_CMYK.jpg\",\"contentUrl\":\"https:\\\/\\\/testi.purolankartano.fi\\\/testi\\\/wp-content\\\/uploads\\\/2025\\\/11\\\/siemenkuvio_CMYK.jpg\",\"width\":1481,\"height\":2362,\"caption\":\"Purolan kartano Oy\"},\"image\":{\"@id\":\"https:\\\/\\\/testi.purolankartano.fi\\\/testi\\\/#\\\/schema\\\/logo\\\/image\\\/\"}}]}<\/script>\n<!-- \/ Yoast SEO plugin. -->","yoast_head_json":{"title":"Cemagro lannoitteet viljelij\u00f6ille | Purolan kartano","description":"Laaja valikoima Cemagro-lannoitteita pelto- ja puutarhaviljelyyn. Toimitus suoraan tilallesi. Kysy tarjous!","robots":{"index":"index","follow":"follow","max-snippet":"max-snippet:-1","max-image-preview":"max-image-preview:large","max-video-preview":"max-video-preview:-1"},"canonical":"https:\/\/testi.purolankartano.fi\/testi\/lannoitteet\/","og_locale":"fi_FI","og_type":"article","og_title":"Cemagro lannoitteet viljelij\u00f6ille | Purolan kartano","og_description":"Laaja valikoima Cemagro-lannoitteita pelto- ja puutarhaviljelyyn. Toimitus suoraan tilallesi. Kysy tarjous!","og_url":"https:\/\/testi.purolankartano.fi\/testi\/lannoitteet\/","og_site_name":"Purolan kartano Oy","article_modified_time":"2026-03-07T07:19:12+00:00","og_image":[{"width":336,"height":73,"url":"https:\/\/testi.purolankartano.fi\/testi\/wp-content\/uploads\/2026\/01\/cemagro_logo-1.png","type":"image\/png"}],"twitter_card":"summary_large_image","twitter_misc":{"Arvioitu lukuaika":"1 minuutti"},"schema":{"@context":"https:\/\/schema.org","@graph":[{"@type":"WebPage","@id":"https:\/\/testi.purolankartano.fi\/testi\/lannoitteet\/","url":"https:\/\/testi.purolankartano.fi\/testi\/lannoitteet\/","name":"Cemagro lannoitteet viljelij\u00f6ille | Purolan kartano","isPartOf":{"@id":"https:\/\/testi.purolankartano.fi\/testi\/#website"},"primaryImageOfPage":{"@id":"https:\/\/testi.purolankartano.fi\/testi\/lannoitteet\/#primaryimage"},"image":{"@id":"https:\/\/testi.purolankartano.fi\/testi\/lannoitteet\/#primaryimage"},"thumbnailUrl":"https:\/\/testi.purolankartano.fi\/testi\/wp-content\/uploads\/2026\/01\/cemagro_logo-1.png","datePublished":"2025-11-17T07:12:02+00:00","dateModified":"2026-03-07T07:19:12+00:00","description":"Laaja valikoima Cemagro-lannoitteita pelto- ja puutarhaviljelyyn. Toimitus suoraan tilallesi. Kysy tarjous!","breadcrumb":{"@id":"https:\/\/testi.purolankartano.fi\/testi\/lannoitteet\/#breadcrumb"},"inLanguage":"fi","potentialAction":[{"@type":"ReadAction","target":["https:\/\/testi.purolankartano.fi\/testi\/lannoitteet\/"]}]},{"@type":"ImageObject","inLanguage":"fi","@id":"https:\/\/testi.purolankartano.fi\/testi\/lannoitteet\/#primaryimage","url":"https:\/\/testi.purolankartano.fi\/testi\/wp-content\/uploads\/2026\/01\/cemagro_logo-1.png","contentUrl":"https:\/\/testi.purolankartano.fi\/testi\/wp-content\/uploads\/2026\/01\/cemagro_logo-1.png","width":336,"height":73},{"@type":"BreadcrumbList","@id":"https:\/\/testi.purolankartano.fi\/testi\/lannoitteet\/#breadcrumb","itemListElement":[{"@type":"ListItem","position":1,"name":"Etusivu","item":"https:\/\/testi.purolankartano.fi\/testi\/"},{"@type":"ListItem","position":2,"name":"Lannoitteet"}]},{"@type":"WebSite","@id":"https:\/\/testi.purolankartano.fi\/testi\/#website","url":"https:\/\/testi.purolankartano.fi\/testi\/","name":"Purolan kartano Oy","description":"Sertifioitujen siementen kauppa","publisher":{"@id":"https:\/\/testi.purolankartano.fi\/testi\/#organization"},"potentialAction":[{"@type":"SearchAction","target":{"@type":"EntryPoint","urlTemplate":"https:\/\/testi.purolankartano.fi\/testi\/?s={search_term_string}"},"query-input":{"@type":"PropertyValueSpecification","valueRequired":true,"valueName":"search_term_string"}}],"inLanguage":"fi"},{"@type":"Organization","@id":"https:\/\/testi.purolankartano.fi\/testi\/#organization","name":"Purolan kartano Oy","url":"https:\/\/testi.purolankartano.fi\/testi\/","logo":{"@type":"ImageObject","inLanguage":"fi","@id":"https:\/\/testi.purolankartano.fi\/testi\/#\/schema\/logo\/image\/","url":"https:\/\/testi.purolankartano.fi\/testi\/wp-content\/uploads\/2025\/11\/siemenkuvio_CMYK.jpg","contentUrl":"https:\/\/testi.purolankartano.fi\/testi\/wp-content\/uploads\/2025\/11\/siemenkuvio_CMYK.jpg","width":1481,"height":2362,"caption":"Purolan kartano Oy"},"image":{"@id":"https:\/\/testi.purolankartano.fi\/testi\/#\/schema\/logo\/image\/"}}]}},"_links":{"self":[{"href":"https:\/\/testi.purolankartano.fi\/testi\/wp-json\/wp\/v2\/pages\/303","targetHints":{"allow":["GET"]}}],"collection":[{"href":"https:\/\/testi.purolankartano.fi\/testi\/wp-json\/wp\/v2\/pages"}],"about":[{"href":"https:\/\/testi.purolankartano.fi\/testi\/wp-json\/wp\/v2\/types\/page"}],"author":[{"embeddable":true,"href":"https:\/\/testi.purolankartano.fi\/testi\/wp-json\/wp\/v2\/users\/1"}],"replies":[{"embeddable":true,"href":"https:\/\/testi.purolankartano.fi\/testi\/wp-json\/wp\/v2\/comments?post=303"}],"version-history":[{"count":53,"href":"https:\/\/testi.purolankartano.fi\/testi\/wp-json\/wp\/v2\/pages\/303\/revisions"}],"predecessor-version":[{"id":1222,"href":"https:\/\/testi.purolankartano.fi\/testi\/wp-json\/wp\/v2\/pages\/303\/revisions\/1222"}],"wp:attachment":[{"href":"https:\/\/testi.purolankartano.fi\/testi\/wp-json\/wp\/v2\/media?parent=303"}],"curies":[{"name":"wp","href":"https:\/\/api.w.org\/{rel}","templated":true}]}}