{"id":299,"date":"2025-11-17T09:12:01","date_gmt":"2025-11-17T07:12:01","guid":{"rendered":"https:\/\/testi.purolankartano.fi\/testi\/contact-us-2\/"},"modified":"2026-03-06T12:18:16","modified_gmt":"2026-03-06T10:18:16","slug":"otayhteytta","status":"publish","type":"page","link":"https:\/\/testi.purolankartano.fi\/testi\/otayhteytta\/","title":{"rendered":"Ota yhteytt\u00e4"},"content":{"rendered":"\t\t<div data-elementor-type=\"wp-page\" data-elementor-id=\"299\" class=\"elementor elementor-299\" data-elementor-post-type=\"page\">\n\t\t\t\t<div class=\"elementor-element elementor-element-9e2f9af e-flex e-con-boxed e-con e-parent\" data-id=\"9e2f9af\" data-element_type=\"container\" data-e-type=\"container\">\n\t\t\t\t\t<div class=\"e-con-inner\">\n\t\t\t\t<div class=\"elementor-element elementor-element-e363197 elementor-widget elementor-widget-image\" data-id=\"e363197\" data-element_type=\"widget\" data-e-type=\"widget\" data-widget_type=\"image.default\">\n\t\t\t\t\t\t\t\t\t\t\t\t\t\t\t<img fetchpriority=\"high\" decoding=\"async\" width=\"800\" height=\"600\" src=\"https:\/\/testi.purolankartano.fi\/testi\/wp-content\/uploads\/2025\/11\/Auringonkukkapelto-1024x768.jpg\" class=\"attachment-large size-large wp-image-386\" alt=\"Auringonkukkapelto\" srcset=\"https:\/\/testi.purolankartano.fi\/testi\/wp-content\/uploads\/2025\/11\/Auringonkukkapelto-1024x768.jpg 1024w, https:\/\/testi.purolankartano.fi\/testi\/wp-content\/uploads\/2025\/11\/Auringonkukkapelto-300x225.jpg 300w, https:\/\/testi.purolankartano.fi\/testi\/wp-content\/uploads\/2025\/11\/Auringonkukkapelto-768x576.jpg 768w, https:\/\/testi.purolankartano.fi\/testi\/wp-content\/uploads\/2025\/11\/Auringonkukkapelto-1536x1152.jpg 1536w, https:\/\/testi.purolankartano.fi\/testi\/wp-content\/uploads\/2025\/11\/Auringonkukkapelto-2048x1536.jpg 2048w\" sizes=\"(max-width: 800px) 100vw, 800px\" \/>\t\t\t\t\t\t\t\t\t\t\t\t\t\t\t<\/div>\n\t\t\t\t\t<\/div>\n\t\t\t\t<\/div>\n\t\t<div class=\"elementor-element elementor-element-5b026d91 e-flex e-con-boxed e-con e-parent\" data-id=\"5b026d91\" data-element_type=\"container\" data-e-type=\"container\">\n\t\t\t\t\t<div class=\"e-con-inner\">\n\t\t<div class=\"elementor-element elementor-element-42ba8029 e-con-full e-flex e-con e-child\" data-id=\"42ba8029\" data-element_type=\"container\" data-e-type=\"container\">\n\t\t\t\t<div class=\"elementor-element elementor-element-51071026 elementor-widget elementor-widget-heading\" data-id=\"51071026\" data-element_type=\"widget\" data-e-type=\"widget\" data-widget_type=\"heading.default\">\n\t\t\t\t\t<h2 class=\"elementor-heading-title elementor-size-default\">ota yhteytt\u00e4<\/h2>\t\t\t\t<\/div>\n\t\t\t\t<div class=\"elementor-element elementor-element-9244345 elementor-widget elementor-widget-spacer\" data-id=\"9244345\" data-element_type=\"widget\" data-e-type=\"widget\" data-widget_type=\"spacer.default\">\n\t\t\t\t\t\t\t<div class=\"elementor-spacer\">\n\t\t\t<div class=\"elementor-spacer-inner\"><\/div>\n\t\t<\/div>\n\t\t\t\t\t\t<\/div>\n\t\t\t\t<div class=\"elementor-element elementor-element-202db00b elementor-button-align-end elementor-widget elementor-widget-form\" data-id=\"202db00b\" data-element_type=\"widget\" data-e-type=\"widget\" data-settings=\"{&quot;step_next_label&quot;:&quot;Next&quot;,&quot;step_previous_label&quot;:&quot;Previous&quot;,&quot;step_type&quot;:&quot;number_text&quot;,&quot;step_icon_shape&quot;:&quot;circle&quot;}\" data-widget_type=\"form.default\">\n\t\t\t\t\t\t\t<form class=\"elementor-form\" method=\"post\" name=\"Contact Form\" aria-label=\"Contact Form\">\n\t\t\t<input type=\"hidden\" name=\"post_id\" value=\"299\"\/>\n\t\t\t<input type=\"hidden\" name=\"form_id\" value=\"202db00b\"\/>\n\t\t\t<input type=\"hidden\" name=\"referer_title\" value=\"Ota yhteytt\u00e4 - Purolan kartano | Siemenet ja lannoitteet\" \/>\n\n\t\t\t\t\t\t\t<input type=\"hidden\" name=\"queried_id\" value=\"299\"\/>\n\t\t\t\n\t\t\t<div class=\"elementor-form-fields-wrapper elementor-labels-\">\n\t\t\t\t\t\t\t\t<div class=\"elementor-field-type-text elementor-field-group elementor-column elementor-field-group-field_61ec250 elementor-col-50\">\n\t\t\t\t\t\t\t\t\t\t\t\t<label for=\"form-field-field_61ec250\" class=\"elementor-field-label elementor-screen-only\">\n\t\t\t\t\t\t\t\tEtunimi\t\t\t\t\t\t\t<\/label>\n\t\t\t\t\t\t\t\t\t\t\t\t\t\t<input size=\"1\" type=\"text\" name=\"form_fields[field_61ec250]\" id=\"form-field-field_61ec250\" class=\"elementor-field elementor-size-sm  elementor-field-textual\" placeholder=\"Etunimi\">\n\t\t\t\t\t\t\t\t\t\t\t<\/div>\n\t\t\t\t\t\t\t\t<div class=\"elementor-field-type-text elementor-field-group elementor-column elementor-field-group-field_3 elementor-col-50\">\n\t\t\t\t\t\t\t\t\t\t\t\t<label for=\"form-field-field_3\" class=\"elementor-field-label elementor-screen-only\">\n\t\t\t\t\t\t\t\tSukunimi\t\t\t\t\t\t\t<\/label>\n\t\t\t\t\t\t\t\t\t\t\t\t\t\t<input size=\"1\" type=\"text\" name=\"form_fields[field_3]\" id=\"form-field-field_3\" class=\"elementor-field elementor-size-sm  elementor-field-textual\" placeholder=\"Sukunimi\">\n\t\t\t\t\t\t\t\t\t\t\t<\/div>\n\t\t\t\t\t\t\t\t<div class=\"elementor-field-type-text elementor-field-group elementor-column elementor-field-group-field_2 elementor-col-50\">\n\t\t\t\t\t\t\t\t\t\t\t\t<label for=\"form-field-field_2\" class=\"elementor-field-label elementor-screen-only\">\n\t\t\t\t\t\t\t\tPuhelin\t\t\t\t\t\t\t<\/label>\n\t\t\t\t\t\t\t\t\t\t\t\t\t\t<input size=\"1\" type=\"text\" name=\"form_fields[field_2]\" id=\"form-field-field_2\" class=\"elementor-field elementor-size-sm  elementor-field-textual\" placeholder=\"Puhelin\">\n\t\t\t\t\t\t\t\t\t\t\t<\/div>\n\t\t\t\t\t\t\t\t<div class=\"elementor-field-type-text elementor-field-group elementor-column elementor-field-group-field_1 elementor-col-50\">\n\t\t\t\t\t\t\t\t\t\t\t\t<label for=\"form-field-field_1\" class=\"elementor-field-label elementor-screen-only\">\n\t\t\t\t\t\t\t\tS\u00e4hk\u00f6posti\t\t\t\t\t\t\t<\/label>\n\t\t\t\t\t\t\t\t\t\t\t\t\t\t<input size=\"1\" type=\"text\" name=\"form_fields[field_1]\" id=\"form-field-field_1\" class=\"elementor-field elementor-size-sm  elementor-field-textual\" placeholder=\"S\u00e4hk\u00f6posti\">\n\t\t\t\t\t\t\t\t\t\t\t<\/div>\n\t\t\t\t\t\t\t\t<div class=\"elementor-field-type-text elementor-field-group elementor-column elementor-field-group-field_881da7d elementor-col-50\">\n\t\t\t\t\t\t\t\t\t\t\t\t<label for=\"form-field-field_881da7d\" class=\"elementor-field-label elementor-screen-only\">\n\t\t\t\t\t\t\t\tOsoite\t\t\t\t\t\t\t<\/label>\n\t\t\t\t\t\t\t\t\t\t\t\t\t\t<input size=\"1\" type=\"text\" name=\"form_fields[field_881da7d]\" id=\"form-field-field_881da7d\" class=\"elementor-field elementor-size-sm  elementor-field-textual\" placeholder=\"Osoite\">\n\t\t\t\t\t\t\t\t\t\t\t<\/div>\n\t\t\t\t\t\t\t\t<div class=\"elementor-field-type-textarea elementor-field-group elementor-column elementor-field-group-field_4 elementor-col-100\">\n\t\t\t\t\t\t\t\t\t\t\t\t<label for=\"form-field-field_4\" class=\"elementor-field-label elementor-screen-only\">\n\t\t\t\t\t\t\t\tViestisi\t\t\t\t\t\t\t<\/label>\n\t\t\t\t\t\t<textarea class=\"elementor-field-textual elementor-field  elementor-size-sm\" name=\"form_fields[field_4]\" id=\"form-field-field_4\" rows=\"4\" placeholder=\"Viestisi\"><\/textarea>\t\t\t\t<\/div>\n\t\t\t\t\t\t\t\t<div class=\"elementor-field-group elementor-column elementor-field-type-submit elementor-col-100 e-form__buttons\">\n\t\t\t\t\t<button class=\"elementor-button elementor-size-sm\" type=\"submit\">\n\t\t\t\t\t\t<span class=\"elementor-button-content-wrapper\">\n\t\t\t\t\t\t\t\t\t\t\t\t\t\t\t<span class=\"elementor-button-icon\">\n\t\t\t\t\t\t\t\t\t<svg aria-hidden=\"true\" class=\"e-font-icon-svg e-fas-angle-right\" viewBox=\"0 0 256 512\" xmlns=\"http:\/\/www.w3.org\/2000\/svg\"><path d=\"M224.3 273l-136 136c-9.4 9.4-24.6 9.4-33.9 0l-22.6-22.6c-9.4-9.4-9.4-24.6 0-33.9l96.4-96.4-96.4-96.4c-9.4-9.4-9.4-24.6 0-33.9L54.3 103c9.4-9.4 24.6-9.4 33.9 0l136 136c9.5 9.4 9.5 24.6.1 34z\"><\/path><\/svg>\t\t\t\t\t\t\t\t\t\t\t\t\t\t\t\t\t<\/span>\n\t\t\t\t\t\t\t\t\t\t\t\t\t\t\t\t\t\t\t\t\t\t<span class=\"elementor-button-text\">L\u00e4het\u00e4<\/span>\n\t\t\t\t\t\t\t\t\t\t\t\t\t<\/span>\n\t\t\t\t\t<\/button>\n\t\t\t\t<\/div>\n\t\t\t<\/div>\n\t\t<\/form>\n\t\t\t\t\t\t<\/div>\n\t\t\t\t<\/div>\n\t\t\t\t<div class=\"elementor-element elementor-element-28a0f93 elementor-widget elementor-widget-spacer\" data-id=\"28a0f93\" data-element_type=\"widget\" data-e-type=\"widget\" data-widget_type=\"spacer.default\">\n\t\t\t\t\t\t\t<div class=\"elementor-spacer\">\n\t\t\t<div class=\"elementor-spacer-inner\"><\/div>\n\t\t<\/div>\n\t\t\t\t\t\t<\/div>\n\t\t<div class=\"elementor-element elementor-element-7bddabca e-con-full e-flex e-con e-child\" data-id=\"7bddabca\" data-element_type=\"container\" data-e-type=\"container\">\n\t\t\t\t<div class=\"elementor-element elementor-element-c1a8c67 elementor-widget elementor-widget-text-editor\" data-id=\"c1a8c67\" data-element_type=\"widget\" data-e-type=\"widget\" data-widget_type=\"text-editor.default\">\n\t\t\t\t\t\t\t\t\t<p><strong>Puhelin\u00a0<\/strong>\u00a0 \u00a0 \u00a0 \u00a0 \u00a00400 882 090\u00a0 \u00a0 Soita, tekstaa tai Whatsapp<br \/><strong>S\u00e4hk\u00f6posti\u00a0<\/strong> \u00a0 jussi.hanhilahti@purolan.fi<\/p>\t\t\t\t\t\t\t\t<\/div>\n\t\t\t\t<\/div>\n\t\t\t\t\t<\/div>\n\t\t\t\t<\/div>\n\t\t<div class=\"elementor-element elementor-element-7c51b55 e-flex e-con-boxed e-con e-parent\" data-id=\"7c51b55\" data-element_type=\"container\" data-e-type=\"container\">\n\t\t\t\t\t<div class=\"e-con-inner\">\n\t\t\t\t<div class=\"elementor-element elementor-element-1336204 elementor-widget elementor-widget-spacer\" data-id=\"1336204\" data-element_type=\"widget\" data-e-type=\"widget\" data-widget_type=\"spacer.default\">\n\t\t\t\t\t\t\t<div class=\"elementor-spacer\">\n\t\t\t<div class=\"elementor-spacer-inner\"><\/div>\n\t\t<\/div>\n\t\t\t\t\t\t<\/div>\n\t\t\t\t\t<\/div>\n\t\t\t\t<\/div>\n\t\t\t\t<\/div>\n\t\t","protected":false},"excerpt":{"rendered":"<p>ota yhteytt\u00e4 Puhelin\u00a0\u00a0 \u00a0 \u00a0 \u00a0 \u00a00400 882 090\u00a0 \u00a0 Soita, tekstaa tai WhatsappS\u00e4hk\u00f6posti\u00a0 \u00a0 jussi.hanhilahti@purolan.fi<\/p>\n","protected":false},"author":1,"featured_media":0,"parent":0,"menu_order":0,"comment_status":"closed","ping_status":"closed","template":"elementor_header_footer","meta":{"footnotes":""},"class_list":["post-299","page","type-page","status-publish","hentry"],"yoast_head":"<!-- This site is optimized with the Yoast SEO plugin v27.4 - https:\/\/yoast.com\/product\/yoast-seo-wordpress\/ -->\n<title>Ota yhteytt\u00e4 - Purolan kartano | Siemenet ja lannoitteet<\/title>\n<meta name=\"description\" content=\"Ota yhteytt\u00e4 asiakaspalveluumme. Puh. 0400 882 090 tai jussi.hanhilahti@purolan.fi. Autamme mielell\u00e4mme!\" \/>\n<meta name=\"robots\" content=\"index, follow, max-snippet:-1, max-image-preview:large, max-video-preview:-1\" \/>\n<link rel=\"canonical\" href=\"https:\/\/testi.purolankartano.fi\/testi\/otayhteytta\/\" \/>\n<meta property=\"og:locale\" content=\"fi_FI\" \/>\n<meta property=\"og:type\" content=\"article\" \/>\n<meta property=\"og:title\" content=\"Ota yhteytt\u00e4 - Purolan kartano | Siemenet ja lannoitteet\" \/>\n<meta property=\"og:description\" content=\"Ota yhteytt\u00e4 asiakaspalveluumme. Puh. 0400 882 090 tai jussi.hanhilahti@purolan.fi. Autamme mielell\u00e4mme!\" \/>\n<meta property=\"og:url\" content=\"https:\/\/testi.purolankartano.fi\/testi\/otayhteytta\/\" \/>\n<meta property=\"og:site_name\" content=\"Purolan kartano Oy\" \/>\n<meta property=\"article:modified_time\" content=\"2026-03-06T10:18:16+00:00\" \/>\n<meta property=\"og:image\" content=\"https:\/\/testi.purolankartano.fi\/testi\/wp-content\/uploads\/2025\/11\/Auringonkukkapelto-1024x768.jpg\" \/>\n<meta name=\"twitter:card\" content=\"summary_large_image\" \/>\n<meta name=\"twitter:label1\" content=\"Arvioitu lukuaika\" \/>\n\t<meta name=\"twitter:data1\" content=\"1 minuutti\" \/>\n<script type=\"application\/ld+json\" class=\"yoast-schema-graph\">{\"@context\":\"https:\\\/\\\/schema.org\",\"@graph\":[{\"@type\":\"WebPage\",\"@id\":\"https:\\\/\\\/testi.purolankartano.fi\\\/testi\\\/otayhteytta\\\/\",\"url\":\"https:\\\/\\\/testi.purolankartano.fi\\\/testi\\\/otayhteytta\\\/\",\"name\":\"Ota yhteytt\u00e4 - Purolan kartano | Siemenet ja lannoitteet\",\"isPartOf\":{\"@id\":\"https:\\\/\\\/testi.purolankartano.fi\\\/testi\\\/#website\"},\"primaryImageOfPage\":{\"@id\":\"https:\\\/\\\/testi.purolankartano.fi\\\/testi\\\/otayhteytta\\\/#primaryimage\"},\"image\":{\"@id\":\"https:\\\/\\\/testi.purolankartano.fi\\\/testi\\\/otayhteytta\\\/#primaryimage\"},\"thumbnailUrl\":\"https:\\\/\\\/testi.purolankartano.fi\\\/testi\\\/wp-content\\\/uploads\\\/2025\\\/11\\\/Auringonkukkapelto-1024x768.jpg\",\"datePublished\":\"2025-11-17T07:12:01+00:00\",\"dateModified\":\"2026-03-06T10:18:16+00:00\",\"description\":\"Ota yhteytt\u00e4 asiakaspalveluumme. Puh. 0400 882 090 tai jussi.hanhilahti@purolan.fi. Autamme mielell\u00e4mme!\",\"breadcrumb\":{\"@id\":\"https:\\\/\\\/testi.purolankartano.fi\\\/testi\\\/otayhteytta\\\/#breadcrumb\"},\"inLanguage\":\"fi\",\"potentialAction\":[{\"@type\":\"ReadAction\",\"target\":[\"https:\\\/\\\/testi.purolankartano.fi\\\/testi\\\/otayhteytta\\\/\"]}]},{\"@type\":\"ImageObject\",\"inLanguage\":\"fi\",\"@id\":\"https:\\\/\\\/testi.purolankartano.fi\\\/testi\\\/otayhteytta\\\/#primaryimage\",\"url\":\"https:\\\/\\\/testi.purolankartano.fi\\\/testi\\\/wp-content\\\/uploads\\\/2025\\\/11\\\/Auringonkukkapelto-scaled.jpg\",\"contentUrl\":\"https:\\\/\\\/testi.purolankartano.fi\\\/testi\\\/wp-content\\\/uploads\\\/2025\\\/11\\\/Auringonkukkapelto-scaled.jpg\",\"width\":2560,\"height\":1920,\"caption\":\"Auringonkukkapelto\"},{\"@type\":\"BreadcrumbList\",\"@id\":\"https:\\\/\\\/testi.purolankartano.fi\\\/testi\\\/otayhteytta\\\/#breadcrumb\",\"itemListElement\":[{\"@type\":\"ListItem\",\"position\":1,\"name\":\"Etusivu\",\"item\":\"https:\\\/\\\/testi.purolankartano.fi\\\/testi\\\/\"},{\"@type\":\"ListItem\",\"position\":2,\"name\":\"Ota yhteytt\u00e4\"}]},{\"@type\":\"WebSite\",\"@id\":\"https:\\\/\\\/testi.purolankartano.fi\\\/testi\\\/#website\",\"url\":\"https:\\\/\\\/testi.purolankartano.fi\\\/testi\\\/\",\"name\":\"Purolan kartano Oy\",\"description\":\"Sertifioitujen siementen kauppa\",\"publisher\":{\"@id\":\"https:\\\/\\\/testi.purolankartano.fi\\\/testi\\\/#organization\"},\"potentialAction\":[{\"@type\":\"SearchAction\",\"target\":{\"@type\":\"EntryPoint\",\"urlTemplate\":\"https:\\\/\\\/testi.purolankartano.fi\\\/testi\\\/?s={search_term_string}\"},\"query-input\":{\"@type\":\"PropertyValueSpecification\",\"valueRequired\":true,\"valueName\":\"search_term_string\"}}],\"inLanguage\":\"fi\"},{\"@type\":\"Organization\",\"@id\":\"https:\\\/\\\/testi.purolankartano.fi\\\/testi\\\/#organization\",\"name\":\"Purolan kartano Oy\",\"url\":\"https:\\\/\\\/testi.purolankartano.fi\\\/testi\\\/\",\"logo\":{\"@type\":\"ImageObject\",\"inLanguage\":\"fi\",\"@id\":\"https:\\\/\\\/testi.purolankartano.fi\\\/testi\\\/#\\\/schema\\\/logo\\\/image\\\/\",\"url\":\"https:\\\/\\\/testi.purolankartano.fi\\\/testi\\\/wp-content\\\/uploads\\\/2025\\\/11\\\/siemenkuvio_CMYK.jpg\",\"contentUrl\":\"https:\\\/\\\/testi.purolankartano.fi\\\/testi\\\/wp-content\\\/uploads\\\/2025\\\/11\\\/siemenkuvio_CMYK.jpg\",\"width\":1481,\"height\":2362,\"caption\":\"Purolan kartano Oy\"},\"image\":{\"@id\":\"https:\\\/\\\/testi.purolankartano.fi\\\/testi\\\/#\\\/schema\\\/logo\\\/image\\\/\"}}]}<\/script>\n<!-- \/ Yoast SEO plugin. -->","yoast_head_json":{"title":"Ota yhteytt\u00e4 - Purolan kartano | Siemenet ja lannoitteet","description":"Ota yhteytt\u00e4 asiakaspalveluumme. Puh. 0400 882 090 tai jussi.hanhilahti@purolan.fi. Autamme mielell\u00e4mme!","robots":{"index":"index","follow":"follow","max-snippet":"max-snippet:-1","max-image-preview":"max-image-preview:large","max-video-preview":"max-video-preview:-1"},"canonical":"https:\/\/testi.purolankartano.fi\/testi\/otayhteytta\/","og_locale":"fi_FI","og_type":"article","og_title":"Ota yhteytt\u00e4 - Purolan kartano | Siemenet ja lannoitteet","og_description":"Ota yhteytt\u00e4 asiakaspalveluumme. Puh. 0400 882 090 tai jussi.hanhilahti@purolan.fi. Autamme mielell\u00e4mme!","og_url":"https:\/\/testi.purolankartano.fi\/testi\/otayhteytta\/","og_site_name":"Purolan kartano Oy","article_modified_time":"2026-03-06T10:18:16+00:00","og_image":[{"url":"https:\/\/testi.purolankartano.fi\/testi\/wp-content\/uploads\/2025\/11\/Auringonkukkapelto-1024x768.jpg","type":"","width":"","height":""}],"twitter_card":"summary_large_image","twitter_misc":{"Arvioitu lukuaika":"1 minuutti"},"schema":{"@context":"https:\/\/schema.org","@graph":[{"@type":"WebPage","@id":"https:\/\/testi.purolankartano.fi\/testi\/otayhteytta\/","url":"https:\/\/testi.purolankartano.fi\/testi\/otayhteytta\/","name":"Ota yhteytt\u00e4 - Purolan kartano | Siemenet ja lannoitteet","isPartOf":{"@id":"https:\/\/testi.purolankartano.fi\/testi\/#website"},"primaryImageOfPage":{"@id":"https:\/\/testi.purolankartano.fi\/testi\/otayhteytta\/#primaryimage"},"image":{"@id":"https:\/\/testi.purolankartano.fi\/testi\/otayhteytta\/#primaryimage"},"thumbnailUrl":"https:\/\/testi.purolankartano.fi\/testi\/wp-content\/uploads\/2025\/11\/Auringonkukkapelto-1024x768.jpg","datePublished":"2025-11-17T07:12:01+00:00","dateModified":"2026-03-06T10:18:16+00:00","description":"Ota yhteytt\u00e4 asiakaspalveluumme. Puh. 0400 882 090 tai jussi.hanhilahti@purolan.fi. Autamme mielell\u00e4mme!","breadcrumb":{"@id":"https:\/\/testi.purolankartano.fi\/testi\/otayhteytta\/#breadcrumb"},"inLanguage":"fi","potentialAction":[{"@type":"ReadAction","target":["https:\/\/testi.purolankartano.fi\/testi\/otayhteytta\/"]}]},{"@type":"ImageObject","inLanguage":"fi","@id":"https:\/\/testi.purolankartano.fi\/testi\/otayhteytta\/#primaryimage","url":"https:\/\/testi.purolankartano.fi\/testi\/wp-content\/uploads\/2025\/11\/Auringonkukkapelto-scaled.jpg","contentUrl":"https:\/\/testi.purolankartano.fi\/testi\/wp-content\/uploads\/2025\/11\/Auringonkukkapelto-scaled.jpg","width":2560,"height":1920,"caption":"Auringonkukkapelto"},{"@type":"BreadcrumbList","@id":"https:\/\/testi.purolankartano.fi\/testi\/otayhteytta\/#breadcrumb","itemListElement":[{"@type":"ListItem","position":1,"name":"Etusivu","item":"https:\/\/testi.purolankartano.fi\/testi\/"},{"@type":"ListItem","position":2,"name":"Ota yhteytt\u00e4"}]},{"@type":"WebSite","@id":"https:\/\/testi.purolankartano.fi\/testi\/#website","url":"https:\/\/testi.purolankartano.fi\/testi\/","name":"Purolan kartano Oy","description":"Sertifioitujen siementen kauppa","publisher":{"@id":"https:\/\/testi.purolankartano.fi\/testi\/#organization"},"potentialAction":[{"@type":"SearchAction","target":{"@type":"EntryPoint","urlTemplate":"https:\/\/testi.purolankartano.fi\/testi\/?s={search_term_string}"},"query-input":{"@type":"PropertyValueSpecification","valueRequired":true,"valueName":"search_term_string"}}],"inLanguage":"fi"},{"@type":"Organization","@id":"https:\/\/testi.purolankartano.fi\/testi\/#organization","name":"Purolan kartano Oy","url":"https:\/\/testi.purolankartano.fi\/testi\/","logo":{"@type":"ImageObject","inLanguage":"fi","@id":"https:\/\/testi.purolankartano.fi\/testi\/#\/schema\/logo\/image\/","url":"https:\/\/testi.purolankartano.fi\/testi\/wp-content\/uploads\/2025\/11\/siemenkuvio_CMYK.jpg","contentUrl":"https:\/\/testi.purolankartano.fi\/testi\/wp-content\/uploads\/2025\/11\/siemenkuvio_CMYK.jpg","width":1481,"height":2362,"caption":"Purolan kartano Oy"},"image":{"@id":"https:\/\/testi.purolankartano.fi\/testi\/#\/schema\/logo\/image\/"}}]}},"_links":{"self":[{"href":"https:\/\/testi.purolankartano.fi\/testi\/wp-json\/wp\/v2\/pages\/299","targetHints":{"allow":["GET"]}}],"collection":[{"href":"https:\/\/testi.purolankartano.fi\/testi\/wp-json\/wp\/v2\/pages"}],"about":[{"href":"https:\/\/testi.purolankartano.fi\/testi\/wp-json\/wp\/v2\/types\/page"}],"author":[{"embeddable":true,"href":"https:\/\/testi.purolankartano.fi\/testi\/wp-json\/wp\/v2\/users\/1"}],"replies":[{"embeddable":true,"href":"https:\/\/testi.purolankartano.fi\/testi\/wp-json\/wp\/v2\/comments?post=299"}],"version-history":[{"count":48,"href":"https:\/\/testi.purolankartano.fi\/testi\/wp-json\/wp\/v2\/pages\/299\/revisions"}],"predecessor-version":[{"id":1174,"href":"https:\/\/testi.purolankartano.fi\/testi\/wp-json\/wp\/v2\/pages\/299\/revisions\/1174"}],"wp:attachment":[{"href":"https:\/\/testi.purolankartano.fi\/testi\/wp-json\/wp\/v2\/media?parent=299"}],"curies":[{"name":"wp","href":"https:\/\/api.w.org\/{rel}","templated":true}]}}